 = 2*s + 11. Let r be g(-5). Let t(d) = -d**3 - 12*d**2 - 18*d + 29. Let a be t(-10). Let l(q) = q + a + 0 - 17*q**2 - 9. Calculate l(r).
-16
Let u(t) = -3*t + t**3 - 14*t + 27*t - 11*t + 0*t**3 + 23. Give u(-4).
-37
Let w(h) = -1. Suppose 0 = -3*z - 2*z + i + 69, -3*z - 5*i + 19 = 0. Let g(y) = 0*y - z + 2*y + 6 - y. Let t(u) = 2*g(u) - 4*w(u). Give t(9).
8
Let h be (-73)/(-292)*(-3 - 73). Let s(d) = 10*d + 192. Give s(h).
2
Let f(r) be the third derivative of r**4/24 - r**3/3 - 7*r**2. Let s(i) = -7. Let q(b) = 3*f(b) - s(b). Give q(-5).
-14
Suppose 2*m - 7 + 2 = 1. Let k(v) = v**2 + 4*v + 1. Calculate k(m).
22
Let p(k) = -33*k**2 + 7*k + 887946 + 21*k - 887816 + k**3. Determine p(32).
2
Let w(p) = 71*p + p**2 + 70*p - 155*p + 51. What is w(5)?
6
Let l(t) be the second derivative of -t**4/12 - t**3/3 + 7*t**2 - 19*t - 17. Give l(0).
14
Let c(i) = 11*i**3 - 14*i**2 + 6*i + 20. Let p(y) = 2*y**3 + 7*y**2 + 3*y + 1. Let v(o) = c(o) - 3*p(o). What is v(7)?
-4
Let q(f) = 29*f**3 + 2*f**2 + 21*f + 7. Let n(k) = -42*k**3 - 2*k**2 - 31*k - 9. Let b(d) = 9*n(d) + 13*q(d). Determine b(7).
17
Let u = 492 - 489. Let o(q) = q**2 + 3. Let w(c) = c**2 + c + 2. Let p(v) = u*w(v) - 2*o(v). Give p(-5).
10
Let b = 344 + -132. Let v = 212 - b. Let a(y) = -8 + 4 + 2 - 7 - y. What is a(v)?
-9
Let q(l) be the third derivative of -1/3*l**4 - 1/60*l**5 + 0 - l - l**3 - 41*l**2. Give q(-6).
6
Let i(j) = j**2 + 6*j + 2. Suppose 0 = -f - 3*f + 132. Let w = f + -32. Let k = w - 7. Determine i(k).
2
Suppose 5*a + 145 = -5*u, 5*u + 49 = 4*u + 4*a. Let j be 5/((-330)/(-12)) - 27/u. Let v(t) be the second derivative of -t**5/5 + t**3/6 + t. Give v(j).
-3
Let k be (18/(-12))/((-1)/(-2)). Let h(p) be the first derivative of p**2 - p + 31. Let g(c) = 15*c - 6. Let y(q) = 4*g(q) - 27*h(q). What is y(k)?
-15
Let n(f) = 13*f + 9. Let u(s) = 3*s - 2. Let b(m) = -16*m + 13. Let j(r) = -b(r) - 6*u(r). Let i(t) = 5*j(t) + n(t). Give i(2).
10
Let i = -3248 + 3240. Let h(z) = -3*z + 15. Calculate h(i).
39
Let k = 2308 - 1612. Let j = 690 - k. Let t(g) be the third derivative of -g**6/120 - g**5/12 + 7*g**4/24 + g**3/6 - g**2. What is t(j)?
-5
Suppose 37*y - 57 + 57 = 0. Let p(a) be the third derivative of 0 - 37*a**2 + y*a + 5/6*a**3 + 1/12*a**4. Give p(6).
17
Suppose 0 = -48*s + 42*s + 42. Let i(b) = 8 - b**3 + 7*b**3 - s*b**3 - 10*b**2 + 2*b**2. What is i(-8)?
8
Let q be (0 + 0)*1*(12 + -11). Suppose 4*m - 24 = -2*l, m + 2*l - 12 = -q*m. Suppose 4*s - 2*v = -30, -6*v = -m*s - 3*v - 33. Let r(u) = -u - 1. Give r(s).
5
Let o(j) = -4*j - 23. Suppose -31*q + 33*q - 6 = 0. Let c be q/15 - (180/25 + -1). Determine o(c).
1
Let r = -5 + 10. Let k(y) = 3*y - y**2 + y - y + 880 - 876. Give k(r).
-6
Suppose 10*w = 9*w + 17. Let r(u) = -u**2 + 17*u + 1. Let n be r(w). Let f(m) = 13*m**2 - 1. Give f(n).
12
Let h(i) be the third derivative of 0*i + 0*i**3 - 1/24*i**5 + 29/24*i**4 + 0 - 1/360*i**6 - 6*i**2. Let a(p) be the second derivative of h(p). Determine a(-6).
7
Let r(o) = 10*o**3 + o**2 + 4*o + 4. Let w = 24278 - 24279. Determine r(w).
-9
Let r = -31 + 32. Let h = 4 + -2. Let s(o) = -230*o + 0 + 0*o**2 + 228*o + 1 + 5*o**h. What is s(r)?
4
Let a be 6 - (-3 + -7 + 9). Let n(t) = -t**3 - 7*t**2 - 7*t - 3. Let h be n(-6). Let k(m) = -5 + h*m + 3 + 0 - 1. Determine k(a).
18
Let q(b) = 5*b**2 - 5*b - 2. Let s(v) = 14*v**2 - 14*v - 6. Let n(r) = 11*q(r) - 4*s(r). Let i(j) = 4*j**2 - 15*j - 3. Let d(z) = i(z) + 3*n(z). What is d(10)?
-17
Let a(w) be the first derivative of 3*w + 138 + 5/2*w**2 - 2/3*w**3. What is a(-3)?
-30
Let n(b) = -45*b - 1. Let h be n(-2). Let q = -64 + h. Let g = -27 + q. Let y(j) = j**3 + 3*j**2 + 2*j - 2. What is y(g)?
-2
Let l(i) be the second derivative of i**5/20 + i**4/12 - 15*i**2/2 + 14*i + 9. Determine l(0).
-15
Let t(x) be the second derivative of 2*x**3/3 + 9*x**2/2 - 112812*x. Suppose -9 = -6*s + 3*s. Suppose 3*g = -s - 15. Give t(g).
-15
Let v = -4 + -10. Let h(b) = -9*b**2 + 24*b + 58. Let i(q) = 11*q**2 - 26*q - 71. Let k(y) = -6*h(y) - 5*i(y). Determine k(v).
7
Let g(v) = 103*v + 301. Let p be (-14)/6 - 314/471. Calculate g(p).
-8
Let r(i) = i + 29. Suppose -50 = -2*d - 62. Let p be d/(-21) + (-3 - 76/(-28)). Calculate r(p).
29
Let k(f) = 20*f + 16. Let t(p) = 11*p + 7. Let u(j) = -3*k(j) + 7*t(j). Let l(o) = -3*o**2 - 4*o - 2. Let n be l(-1). Calculate u(n).
-16
Suppose 62*x + 458 = 1078. Let i(k) = -k**3 + 11*k**2 - 4*k - 41. Determine i(x).
19
Suppose t - 2*d + 154 = -76, 4*d + 420 = -2*t. Let w = t - -224. Let o(a) be the first derivative of -a**3/3 - 3*a**2/2 + 6*a + 2. Calculate o(w).
-22
Let d(g) = g**2 + 4*g - 5. Let s(o) = o**2 + 4*o + 5. Let v be s(-6). Suppose -6*u = -v*u - 55. What is d(u)?
0
Suppose 57*u + 24*u = 148 + 419. Let f(g) = 3*g - 7. What is f(u)?
14
Suppose 43*g + 34*g = -27*g - 312. Let m(v) = -v**2 + 9. Calculate m(g).
0
Let q(h) = 3 + h**3 - 2*h**2 + 2*h**2 + 3*h + 2*h**2. Suppose -451 + 22 = -3*w. Let x = w - 145. Give q(x).
-3
Let q be -8 - (-7 - 7 - (5 + -3)). Let y(x) be the third derivative of x**6/120 - 2*x**5/15 - 2*x**3/3 + x**2. Give y(q).
-4
Let n(s) be the second derivative of 29*s**3/6 + 5*s**2 + 2094*s. Give n(3).
97
Let z(r) = -16*r + 34. Let m be z(2). Suppose -3*g - m*u - 2 = 0, 5*g + 2*u = u - 8. Let b(k) = k**2 - 6*k + 2*k - 1 + 3*k. Give b(g).
5
Let o(l) = -l. Let g be (-12)/(-16)*20 - (1 - 0). Let s be o(g). Let n = 19 + s. Let h(y) = y**3 - 5*y**2 - 4. Calculate h(n).
-4
Suppose -2*f = -12*f + 20. Let c(l) = 1. Let j(z) = -z - 2. Let p(n) = f*j(n) + 2*c(n). Calculate p(3).
-8
Let w(k) = 9*k + 247. Let u(g) = -g - 38. Let s(o) = -6*u(o) - w(o). Determine s(-10).
11
Let d(n) = -4*n - 2. Suppose 0 = -5*c + 4*p + 305, -3*c + c + 122 = -4*p. Suppose -472 = 6*m + 2*m. Let l = m + c. Determine d(l).
-10
Suppose 4*l - 52 = 3*l. Let x(o) = -5 + l*o + 49*o - 100*o. What is x(9)?
4
Let g(u) be the second derivative of -1/3*u**3 + 0 - 279*u - 17/2*u**2. Suppose 3*k + 2*s - s + 22 = 0, -k - 6 = -s. Calculate g(k).
-3
Let w = 46 + -43. Let j(n) be the first derivative of 11 - n**2 - 8*n - w + 5 + 0*n**2. Calculate j(-6).
4
Suppose -6*v = -3*v - 6. Let h(q) = -27*q**3 + 51*q**3 - 25*q**3 - 2 + 51*q**3 + 2*q**2 - 21*q**3 + 2*q - 28*q**3. Give h(v).
18
Suppose 3*w - 3 = -0*w. Let s(k) = 128*k + 2061. Let m(n) = 96*n + 1499. Let c(r) = -11*m(r) + 8*s(r). Calculate c(w).
-33
Suppose -92 = -15*n + 148. Let k(v) = -n - 18 - v + 27. Determine k(-4).
-3
Let m be (-6 - (-39)/6)/(3/(-54)). Let r(h) = h**3 + 10*h**2 + 10*h - 5. Give r(m).
-14
Let n(a) = -5 + 0*a**2 - a**2 + 4*a + 0*a. Let f(u) = -25*u + 20. Let k be f(1). Let v(t) = -t**3 - 3*t**2 + 17*t + 39. Let q be v(k). Give n(q).
-5
Let j = 148 + -150. Let k be -3*20*j/12. Let o be 72/15 - k/(-50). Let q(i) = i**3 - 6*i**2 + 3*i + 1. Give q(o).
-9
Let c be (-4 - -3)/((-3)/39). Suppose 3*w = 4 - c, 4*w = 3*i - 36. Let y(j) = 4 + 0 + i - j + 2*j. Give y(0).
12
Suppose -4*c = 3*q - 8*q + 60, 5*c + 25 = 0. Suppose 0 = q*s - 24 - 56. Let j(k) = k**2 - 10*k + 9. Calculate j(s).
9
Let i(z) = -z**2 + 7*z - 2. Let m be (-1)/(-2)*-2 + 0. Let q(p) = 4*p + 416. Let h be q(-35). Let y be 207/h*(0 + (3 - m)). Give i(y).
10
Let i = 459 - 438. Let b be ((-50)/40)/(i/(-12) + 2). Let k(g) = -6*g**2 - g**3 + 4 + g**2 + 0*g**2 + 4*g. What is k(b)?
-16
Suppose 234 = 3*y - v + 157, y + v = 35. Let o(k) = k**3 - 26*k**2 - 59*k + 78. Calculate o(y).
-6
Let f(g) = -327*g + 1297. Let r be f(4). Let m(q) = q**2 + 11*q - 5. Determine m(r).
-5
Let n(s) = -s**2 + 6*s + 20. Let v(p) = 154*p - 2762. Let k be v(18). Calculate n(k).
-20
Let l(a) = 6*a**2 - 4*a + 6. Let o = -3050 + 3052. Give l(o).
22
Let r(f) = f**2 + 11*f - 19. Let s(w) = -w**3 - 14*w**2 - 53*w - 57. Let b be s(-5). Give r(b).
83
Let c(v) be the third derivative of -v**8/20160 + v**7/2520 + v**6/120 + v**5/20 + v**4/12 + 39*v**2. Let r(g) be the third derivative of c(g). Give r(5).
-9
Let f(w) = 141*w - 2395. Let p be f(17). Let m(i) = 15*i**3 - 2*i**2 - 2*i - 2. Determine m(p).
106
Let l = 23 - 102. Let u = -83 - l. Let m(i) be the third derivative of -i**4/24 - i**3/6 - 5*i**2. Calculate m(u).
3
Let r(g) = 27*g - 39. Suppose 884*j - 120 = 824*j. Give r(j).
15
Suppose 7*z - v + 14 = 0, -65*z + 69*z + v + 8 = 0. Let d(i) = 3*i - 9. Give d(z).
